
False
Does 50 divide 18550?
True
Does 4 divide 594?
False
Is 18507 a multiple of 125?
False
Does 29 divide 7947?
False
Does 171 divide 4710?
False
Is 36 a factor of 9537?
False
Is 259 a multiple of 2?
False
Does 20 divide 10026?
False
Is 12 a factor of 61?
False
Does 21 divide 1071?
True
Does 16 divide 5998?
False
Is 12376 a multiple of 14?
True
Does 83 divide 15438?
True
Is 32 a factor of 1028?
False
Is 2 a factor of 19?
False
Does 19 divide 25251?
True
Is 52 a factor of 1598?
False
Is 4 a factor of 184?
True
Does 44 divide 29348?
True
Is 1440 a multiple of 42?
False
Is 1200 a multiple of 8?
True
Is 13650 a multiple of 39?
True
Does 17 divide 3366?
True
Is 10 a factor of 410?
True
Is 84 a factor of 627?
False
Is 183 a factor of 34770?
True
Is 50 a factor of 350?
True
Does 9 divide 764?
False
Does 18 divide 6822?
True
Does 12 divide 18479?
False
Does 18 divide 14285?
False
Is 61 a factor of 1093?
False
Is 13566 a multiple of 42?
True
Does 18 divide 1316?
False
Is 7 a factor of 145?
False
Is 122435 a multiple of 68?
False
Is 45 a factor of 11292?
False
Is 7725 a multiple of 25?
True
Is 80340 a multiple of 39?
True
Is 12 a factor of 984?
True
Is 1210 a multiple of 11?
True
Is 788 a multiple of 32?
False
Is 538 a multiple of 62?
False
Is 4 a factor of 116?
True
Is 3220 a multiple of 20?
True
Is 205 a factor of 5853?
False
Is 2 a factor of 2922?
True
Is 37 a factor of 3145?
True
Does 59 divide 49147?
True
Does 21 divide 20506?
False
Does 17 divide 294?
False
Does 11 divide 133?
False
Is 27 a factor of 17404?
False
Is 122 even?
True
Is 5 a factor of 4862?
False
Does 10 divide 6500?
True
Is 13 a factor of 4472?
True
Does 30 divide 990?
True
Is 19129 a multiple of 201?
False
Is 140 even?
True
Is 13 a factor of 1235?
True
Does 250 divide 11250?
True
Does 4 divide 324?
True
Is 579 a multiple of 2?
False
Does 50 divide 6414?
False
Does 16 divide 21698?
False
Is 58295 a multiple of 97?
False
Does 22 divide 903?
False
Is 1550 a multiple of 10?
True
Does 30 divide 240?
True
Is 6160 a multiple of 47?
False
Is 206 a factor of 1332?
False
Is 9311 a multiple of 15?
False
Is 10 a factor of 3619?
False
Does 5 divide 571?
False
Does 60 divide 12674?
False
Does 11 divide 6468?
True
Is 104 a factor of 18408?
True
Is 3058 a multiple of 22?
True
Does 181 divide 41630?
True
Does 35 divide 1050?
True
Does 2 divide 1931?
False
Is 135 a factor of 37493?
False
Does 44 divide 3828?
True
Is 18201 a multiple of 47?
False
Is 9 a factor of 9687?
False
Is 4293 a multiple of 81?
True
Is 72 a factor of 1811?
False
Is 71 a factor of 5467?
True
Is 10282 a multiple of 106?
True
Is 96 a multiple of 2?
True
Is 3 a factor of 86?
False
Does 10 divide 23967?
False
Is 1686 a multiple of 24?
False
Is 6657 a multiple of 21?
True
Is 13 a factor of 60435?
False
Is 305 even?
False
Is 18 a factor of 1710?
True
Is 86053 a multiple of 15?
False
Is 18560 a multiple of 61?
False
Is 48 a factor of 68610?
False
Is 8624 a multiple of 196?
True
Is 31 a factor of 1767?
True
Is 29 a factor of 579?
False
Is 115 a multiple of 5?
True
Is 99 a factor of 2759?
False
Is 8 a factor of 6208?
True
Does 8 divide 1947?
False
Is 102 a factor of 26010?
True
Does 19 divide 453?
False
Is 2 a factor of 469?
False
Is 1552 even?
True
Is 2160 a multiple of 45?
True
Does 19 divide 71?
False
Is 11 a factor of 748?
True
Is 88 a factor of 69344?
True
Does 2 divide 77?
False
Is 85013 a multiple of 14?
False
Is 7973 a multiple of 8?
False
Is 112 a multiple of 36?
False
Is 25693 a multiple of 9?
False
Is 50 a factor of 2316?
False
Does 5 divide 293?
False
Is 44 a factor of 44?
True
Is 418 a multiple of 38?
True
Is 16287 a multiple of 26?
False
Is 18 a factor of 561?
False
Is 51747 a multiple of 32?
False
Does 4 divide 1237?
False
Is 3252 a multiple of 10?
False
Does 24 divide 240?
True
Does 6 divide 1691?
False
Does 24 divide 2765?
False
Is 8 a factor of 1626?
False
Is 2574 a multiple of 10?
False
Does 29 divide 5739?
False
Does 41 divide 574?
True
Is 64660 a multiple of 305?
True
Does 33 divide 1782?
True
Is 30 a factor of 630?
True
Is 31107 a multiple of 89?
False
Is 176 a multiple of 2?
True
Does 3 divide 2617?
False
Is 13512 a multiple of 136?
False
Is 54 a factor of 61668?
True
Is 119 a multiple of 3?
False
Does 4 divide 170?
False
Is 15 a factor of 1502?
False
Is 12 a factor of 60?
True
Does 11 divide 1995?
False
Does 41 divide 7462?
True
Is 273 a factor of 115224?
False
Is 837 a multiple of 32?
False
Is 1540 a multiple of 70?
True
Is 7 a factor of 6926?
False
Is 12180 a multiple of 29?
True
Is 1228 a multiple of 7?
False
Is 10 a factor of 490?
True
Does 35 divide 28980?
True
Does 31 divide 5154?
False
Is 400 a multiple of 79?
False
Is 207 a factor of 13869?
True
Is 22 a factor of 101?
False
Does 9 divide 4203?
True
Does 36 divide 2294?
False
Does 17 divide 44013?
True
Does 132 divide 5805?
False
Does 27 divide 102?
False
Is 22 a factor of 236?
False
Is 5 a factor of 4850?
True
Is 32 a factor of 10432?
True
Is 15169 a multiple of 56?
False
Is 15 a factor of 4140?
True
Does 8 divide 38112?
True
Is 5 a factor of 37579?
False
Is 64 a factor of 44287?
False
Is 13 a factor of 3315?
True
Is 43 a factor of 2787?
False
Is 21 a factor of 478?
False
Does 29 divide 87?
True
Does 39 divide 624?
True
Does 11 divide 524?
False
Does 21 divide 34167?
True
Does 31 divide 1032?
False
Is 17 a factor of 331?
False
Does 6 divide 815?
False
Does 17 divide 659?
False
Is 160 a multiple of 6?
False
Is 1316 a multiple of 47?
True
Is 6300 a multiple of 3?
True
Does 14 divide 5508?
False
Does 106 divide 1351?
False
Is 54 a factor of 1512?
True
Is 100 a factor of 8314?
False
Is 785 a multiple of 8?
False
Is 4968 a multiple of 71?
False
Is 633 a multiple of 23?
False
Does 17 divide 17189?
False
Does 31 divide 872?
False
Is 19 a factor of 577?
False
Does 4 divide 8504?
True
Is 15 a factor of 249?
False
Is 2772 a multiple of 36?
True
Is 151 a factor of 21593?
True
Does 12 divide 1236?
True
Is 552 a multiple of 92?
True
Is 11 a factor of 712?
False
Is 529 a multiple of 25?
False
Is 13 a factor of 824?
False
Does 44 divide 440?
True
Does 42 divide 5502?
True
Is 32 a factor of 11744?
True
Is 143 a factor of 51451?
False
Is 29 a factor of 13920?
True
Is 16 a factor of 14767?
False
Is 14 a factor of 1638?
True
Is 40 a factor of 157?
False
Is 3 a factor of 3527?
False
Is 43 a factor of 6871?
False
Is 12 a factor of 105604?
False
Is 7 a factor of 578?
False
Does 15 divide 435?
True
Is 51 a factor of 5452?
False
Is 115 a factor of 8165?
True
Does 180 divide 8640?
True
Is 15044 a multiple of 17?
False
Is 982 a multiple of 12?
False
Is 7 a factor of 609?
True
Is 15 a factor of 767?
False
Is 40988 a multiple of 18?
False
Is 28 a factor of 82404?
True
Is 16 a factor of 816?
True
Does 54 divide 24328?
False
Does 106 divide 36252?
True
Does 10 divide 2958?
False
Is 44250 a multiple of 53?
False
Does 76 divide 13604?
True
Is 18 a factor of 2052?
True
Is 150 a multiple of 19?
False
Is 612 a multiple of 12?
True
Is 17 a factor of 510?
True
Does 31 divide 16152?
False
Is 70 a factor of 36174?
False
Is 125 a factor of 6602?
False
Is 16 a factor of 1803?
False
Is 3939 a multiple of 20?
False
Is 8 a factor of 184?
True
Does 24 divide 1007?
False
Is 15119 a multiple of 13?
True
Does 21 divide 24427?
False
Is 21 a factor of 11403?
True
Is 17658 a multiple of 9?
True
Does 6 divide 707?
False
Is 12 a factor of 146?
False
Is 3402 a multiple of 189?
True
Does 27 divide 1463?
False
Is 3 a factor of 645?
True
Is 277 a multiple of 44?
False
Is 37 a factor of 1033?
False
Does 8 divide 656?
True
Does 16 divide 1722?
False
Is 1078 a multiple of 26?
False
Does 43 divide 301?
True
Does 46 divide 144787?
False
Is 50096 a multiple of 4?
True
Does 44 divide 835?
False
Does 10 divide 122589?
False
Is 122 a multiple of 3?
False
Is 43489 a multiple of 68?
False
Is 8613 a multiple of 297?
True
Is 1969 a multiple of 11?
True
Does 36 divide 216?
True
Is 26 a factor of 3728?
False
Is 112 a multiple of 8?
True
Does 24 divide 816?
True
Is 9764 a multiple of 4?
True
Does 34 divide 39141?
False
Does 3 divide 786?
True
Does 54 divide 833?
False
Does 29 divide 7368?
False
Does 5 divide 6661?
False
Does 16 divide 6561?
False
Is 19000 a multiple of 8?
True
Does 15 divide 5580?
True
Is 25 a factor of 4